{"id":316,"date":"2020-06-22T09:27:13","date_gmt":"2020-06-22T09:27:13","guid":{"rendered":"http:\/\/sitelerpvcdograma.com\/?page_id=316"},"modified":"2020-07-01T11:51:23","modified_gmt":"2020-07-01T11:51:23","slug":"pvc-dograma","status":"publish","type":"page","link":"https:\/\/sitelerpvcdograma.com\/?page_id=316","title":{"rendered":"Pvc Do\u011frama"},"content":{"rendered":"<p><a href=\"http:\/\/sitelerpvcdograma.com\/wp-content\/uploads\/2020\/06\/pvc-do\u011frma.jpg\"><img loading=\"lazy\" class=\"alignnone size-full wp-image-303 aligncenter\" src=\"http:\/\/sitelerpvcdograma.com\/wp-content\/uploads\/2020\/06\/pvc-do\u011frma.jpg\" alt=\"\" width=\"169\" height=\"162\" \/><\/a><\/p>\n<p>\u00d6zkanlar Grup Pvc olarak Pvc Doprama hizmeti vermekteyiz. Detayl\u0131 bilgi i\u00e7in L\u00fctfen<a href=\"http:\/\/sitelerpvcdograma.com\/?page_id=6\"> \u0130leti\u015fime<\/a> Ge\u00e7iniz.<\/p>\n","protected":false},"excerpt":{"rendered":"<p>\u00d6zkanlar Grup Pvc olarak Pvc Doprama hizmeti vermekteyiz. Detayl\u0131 bilgi i\u00e7in L\u00fctfen \u0130leti\u015fime Ge\u00e7iniz.<\/p>\n","protected":false},"author":1,"featured_media":0,"parent":0,"menu_order":0,"comment_status":"closed","ping_status":"closed","template":"","meta":[],"yoast_head":"<!-- This site is optimized with the Yoast SEO plugin v18.0 - https:\/\/yoast.com\/wordpress\/plugins\/seo\/ -->\n<title>Pvc Do\u011frama - \u00d6zkanlar Grup Pvc<\/title>\n<meta name=\"robots\" content=\"index, follow, max-snippet:-1, max-image-preview:large, max-video-preview:-1\" \/>\n<link rel=\"canonical\" href=\"https:\/\/sitelerpvcdograma.com\/?page_id=316\" \/>\n<meta property=\"og:locale\" content=\"tr_TR\" \/>\n<meta property=\"og:type\" content=\"article\" \/>\n<meta property=\"og:title\" content=\"Pvc Do\u011frama - \u00d6zkanlar Grup Pvc\" \/>\n<meta property=\"og:description\" content=\"\u00d6zkanlar Grup Pvc olarak Pvc Doprama hizmeti vermekteyiz. Detayl\u0131 bilgi i\u00e7in L\u00fctfen \u0130leti\u015fime Ge\u00e7iniz.\" \/>\n<meta property=\"og:url\" content=\"https:\/\/sitelerpvcdograma.com\/?page_id=316\" \/>\n<meta property=\"og:site_name\" content=\"\u00d6zkanlar Grup Pvc\" \/>\n<meta property=\"article:modified_time\" content=\"2020-07-01T11:51:23+00:00\" \/>\n<meta property=\"og:image\" content=\"http:\/\/sitelerpvcdograma.com\/wp-content\/uploads\/2020\/06\/pvc-do\u011frma.jpg\" \/>\n<meta name=\"twitter:card\" content=\"summary_large_image\" \/>\n<script type=\"application\/ld+json\" class=\"yoast-schema-graph\">{\"@context\":\"https:\/\/schema.org\",\"@graph\":[{\"@type\":\"WebSite\",\"@id\":\"https:\/\/sitelerpvcdograma.com\/#website\",\"url\":\"https:\/\/sitelerpvcdograma.com\/\",\"name\":\"\u00d6zkanlar Grup Pvc\",\"description\":\"\",\"potentialAction\":[{\"@type\":\"SearchAction\",\"target\":{\"@type\":\"EntryPoint\",\"urlTemplate\":\"https:\/\/sitelerpvcdograma.com\/?s={search_term_string}\"},\"query-input\":\"required name=search_term_string\"}],\"inLanguage\":\"tr\"},{\"@type\":\"ImageObject\",\"@id\":\"https:\/\/sitelerpvcdograma.com\/?page_id=316#primaryimage\",\"inLanguage\":\"tr\",\"url\":\"http:\/\/sitelerpvcdograma.com\/wp-content\/uploads\/2020\/06\/pvc-do\u011frma.jpg\",\"contentUrl\":\"http:\/\/sitelerpvcdograma.com\/wp-content\/uploads\/2020\/06\/pvc-do\u011frma.jpg\"},{\"@type\":\"WebPage\",\"@id\":\"https:\/\/sitelerpvcdograma.com\/?page_id=316#webpage\",\"url\":\"https:\/\/sitelerpvcdograma.com\/?page_id=316\",\"name\":\"Pvc Do\u011frama - \u00d6zkanlar Grup Pvc\",\"isPartOf\":{\"@id\":\"https:\/\/sitelerpvcdograma.com\/#website\"},\"primaryImageOfPage\":{\"@id\":\"https:\/\/sitelerpvcdograma.com\/?page_id=316#primaryimage\"},\"datePublished\":\"2020-06-22T09:27:13+00:00\",\"dateModified\":\"2020-07-01T11:51:23+00:00\",\"breadcrumb\":{\"@id\":\"https:\/\/sitelerpvcdograma.com\/?page_id=316#breadcrumb\"},\"inLanguage\":\"tr\",\"potentialAction\":[{\"@type\":\"ReadAction\",\"target\":[\"https:\/\/sitelerpvcdograma.com\/?page_id=316\"]}]},{\"@type\":\"BreadcrumbList\",\"@id\":\"https:\/\/sitelerpvcdograma.com\/?page_id=316#breadcrumb\",\"itemListElement\":[{\"@type\":\"ListItem\",\"position\":1,\"name\":\"Ana sayfa\",\"item\":\"https:\/\/sitelerpvcdograma.com\/\"},{\"@type\":\"ListItem\",\"position\":2,\"name\":\"Pvc Do\u011frama\"}]}]}<\/script>\n<!-- \/ Yoast SEO plugin. -->","yoast_head_json":{"title":"Pvc Do\u011frama - \u00d6zkanlar Grup Pvc","robots":{"index":"index","follow":"follow","max-snippet":"max-snippet:-1","max-image-preview":"max-image-preview:large","max-video-preview":"max-video-preview:-1"},"canonical":"https:\/\/sitelerpvcdograma.com\/?page_id=316","og_locale":"tr_TR","og_type":"article","og_title":"Pvc Do\u011frama - \u00d6zkanlar Grup Pvc","og_description":"\u00d6zkanlar Grup Pvc olarak Pvc Doprama hizmeti vermekteyiz. Detayl\u0131 bilgi i\u00e7in L\u00fctfen \u0130leti\u015fime Ge\u00e7iniz.","og_url":"https:\/\/sitelerpvcdograma.com\/?page_id=316","og_site_name":"\u00d6zkanlar Grup Pvc","article_modified_time":"2020-07-01T11:51:23+00:00","og_image":[{"url":"http:\/\/sitelerpvcdograma.com\/wp-content\/uploads\/2020\/06\/pvc-do\u011frma.jpg"}],"twitter_card":"summary_large_image","schema":{"@context":"https:\/\/schema.org","@graph":[{"@type":"WebSite","@id":"https:\/\/sitelerpvcdograma.com\/#website","url":"https:\/\/sitelerpvcdograma.com\/","name":"\u00d6zkanlar Grup Pvc","description":"","potentialAction":[{"@type":"SearchAction","target":{"@type":"EntryPoint","urlTemplate":"https:\/\/sitelerpvcdograma.com\/?s={search_term_string}"},"query-input":"required name=search_term_string"}],"inLanguage":"tr"},{"@type":"ImageObject","@id":"https:\/\/sitelerpvcdograma.com\/?page_id=316#primaryimage","inLanguage":"tr","url":"http:\/\/sitelerpvcdograma.com\/wp-content\/uploads\/2020\/06\/pvc-do\u011frma.jpg","contentUrl":"http:\/\/sitelerpvcdograma.com\/wp-content\/uploads\/2020\/06\/pvc-do\u011frma.jpg"},{"@type":"WebPage","@id":"https:\/\/sitelerpvcdograma.com\/?page_id=316#webpage","url":"https:\/\/sitelerpvcdograma.com\/?page_id=316","name":"Pvc Do\u011frama - \u00d6zkanlar Grup Pvc","isPartOf":{"@id":"https:\/\/sitelerpvcdograma.com\/#website"},"primaryImageOfPage":{"@id":"https:\/\/sitelerpvcdograma.com\/?page_id=316#primaryimage"},"datePublished":"2020-06-22T09:27:13+00:00","dateModified":"2020-07-01T11:51:23+00:00","breadcrumb":{"@id":"https:\/\/sitelerpvcdograma.com\/?page_id=316#breadcrumb"},"inLanguage":"tr","potentialAction":[{"@type":"ReadAction","target":["https:\/\/sitelerpvcdograma.com\/?page_id=316"]}]},{"@type":"BreadcrumbList","@id":"https:\/\/sitelerpvcdograma.com\/?page_id=316#breadcrumb","itemListElement":[{"@type":"ListItem","position":1,"name":"Ana sayfa","item":"https:\/\/sitelerpvcdograma.com\/"},{"@type":"ListItem","position":2,"name":"Pvc Do\u011frama"}]}]}},"_links":{"self":[{"href":"https:\/\/sitelerpvcdograma.com\/index.php?rest_route=\/wp\/v2\/pages\/316"}],"collection":[{"href":"https:\/\/sitelerpvcdograma.com\/index.php?rest_route=\/wp\/v2\/pages"}],"about":[{"href":"https:\/\/sitelerpvcdograma.com\/index.php?rest_route=\/wp\/v2\/types\/page"}],"author":[{"embeddable":true,"href":"https:\/\/sitelerpvcdograma.com\/index.php?rest_route=\/wp\/v2\/users\/1"}],"replies":[{"embeddable":true,"href":"https:\/\/sitelerpvcdograma.com\/index.php?rest_route=%2Fwp%2Fv2%2Fcomments&post=316"}],"version-history":[{"count":3,"href":"https:\/\/sitelerpvcdograma.com\/index.php?rest_route=\/wp\/v2\/pages\/316\/revisions"}],"predecessor-version":[{"id":503,"href":"https:\/\/sitelerpvcdograma.com\/index.php?rest_route=\/wp\/v2\/pages\/316\/revisions\/503"}],"wp:attachment":[{"href":"https:\/\/sitelerpvcdograma.com\/index.php?rest_route=%2Fwp%2Fv2%2Fmedia&parent=316"}],"curies":[{"name":"wp","href":"https:\/\/api.w.org\/{rel}","templated":true}]}}