{"id":189,"date":"2020-06-22T05:10:14","date_gmt":"2020-06-22T05:10:14","guid":{"rendered":"http:\/\/sitelerpvcdograma.com\/?page_id=189"},"modified":"2020-07-02T11:57:52","modified_gmt":"2020-07-02T11:57:52","slug":"atlantik-750","status":"publish","type":"page","link":"https:\/\/sitelerpvcdograma.com\/?page_id=189","title":{"rendered":"Atlantik 750"},"content":{"rendered":"<p><a href=\"http:\/\/sitelerpvcdograma.com\/wp-content\/uploads\/2020\/06\/Atlantik790-1.jpg\"><img loading=\"lazy\" class=\"alignnone size-full wp-image-130\" src=\"http:\/\/sitelerpvcdograma.com\/wp-content\/uploads\/2020\/06\/Atlantik790-1.jpg\" alt=\"\" width=\"162\" height=\"229\"><\/a><\/p>\n<p><span style=\"color: #333333;\"><a style=\"color: #333333;\" href=\"http:\/\/sitelerpvcdograma.com\/wp-content\/uploads\/2020\/06\/Atlantik790-1.jpg\">70 mm profil geni\u015fli\u011fine sahip Atlantik 750, \u00f6zel olarak dizayn edilmi\u015f 5 odac\u0131kl\u0131 sistemi sayesinde \u00e7ok \u00fcst seviyede \u0131s\u0131, ses ve su izolasyonu sa\u011fl\u0131yor. 4 mevsimde de m\u00fckemmel dayan\u0131kl\u0131l\u0131k sa\u011flayan Atlantik 750, kendinden destek profilleri (CRP) ve TPV gri contal\u0131 profilleri sayesinde \u00e7ok d\u00fc\u015f\u00fck stok maaliyeti ve h\u0131zl\u0131 \u00fcretim s\u00fcreci sunuyor.&nbsp; Farkl\u0131 kal\u0131nl\u0131klardaki gri contal\u0131 cam \u00e7\u0131talar\u0131 ile tek cama (4-6mm) ve \u0131s\u0131cama (20-24-30-32 mm) uygulanabiliyor. Fugal\u0131 kanat Atlantik 750\u2019ye estetik ve \u015f\u0131k bir g\u00f6r\u00fcn\u00fcm kat\u0131yor. \u00dcst\u00fcn su tahliye sistemi ise g\u00f6renleri&nbsp; hayran b\u0131rak\u0131yor. \u0130stenilen her \u00f6l\u00e7\u00fcde do\u011frama \u00fcretilebilirken, tek a\u00e7\u0131l\u0131m, \u00e7ift a\u00e7\u0131l\u0131m ve \u00e7ift kanat a\u00e7\u0131l\u0131m se\u00e7enekleri ile her eve uygun&nbsp; mod\u00fcler yap\u0131ya b\u00fcr\u00fcn\u00fcyor.&nbsp; Panjurlu (motorlu, uzaktan kumandal\u0131 ve ya man\u00fcel) ve panjursuz \u015fekilde sizin ihtiyac\u0131n\u0131za g\u00f6re uygulanabiliyor. <strong>Atlantik<\/strong> 750 ayn\u0131 zamanda ah\u015fap desenli laminasyon uygulama se\u00e7ene\u011fine de sahip. Siz de&nbsp; ulusal ve uluslararas\u0131 \u00f6l\u00e7\u00fcm kurulu\u015flar\u0131 taraf\u0131ndan onaylanm\u0131\u015f Adopen kalitesi ile maun, koyu me\u015fe, kiraz, gri ya da krem renklerinden diledi\u011finizi&nbsp; se\u00e7ip,&nbsp; pencerenizden her mevsimi huzur i\u00e7inde seyredin.<\/a><\/span><\/p>\n\n\n<figure class=\"wp-block-image size-large\"><img loading=\"lazy\" width=\"746\" height=\"204\" src=\"http:\/\/sitelerpvcdograma.com\/wp-content\/uploads\/2020\/06\/Lamine-se\u00e7enekleri.jpg\" alt=\"\" class=\"wp-image-384\" srcset=\"https:\/\/sitelerpvcdograma.com\/wp-content\/uploads\/2020\/06\/Lamine-se\u00e7enekleri.jpg 746w, https:\/\/sitelerpvcdograma.com\/wp-content\/uploads\/2020\/06\/Lamine-se\u00e7enekleri-300x82.jpg 300w\" sizes=\"(max-width: 746px) 100vw, 746px\" \/><\/figure>\n","protected":false},"excerpt":{"rendered":"<p>70 mm profil geni\u015fli\u011fine sahip Atlantik 750, \u00f6zel olarak dizayn edilmi\u015f 5 odac\u0131kl\u0131 sistemi sayesinde \u00e7ok \u00fcst seviyede \u0131s\u0131, ses ve su izolasyonu sa\u011fl\u0131yor. 4 mevsimde de m\u00fckemmel dayan\u0131kl\u0131l\u0131k sa\u011flayan Atlantik 750, kendinden destek profilleri (CRP) ve TPV gri contal\u0131 profilleri sayesinde \u00e7ok d\u00fc\u015f\u00fck stok maaliyeti ve h\u0131zl\u0131 \u00fcretim s\u00fcreci sunuyor.&nbsp; Farkl\u0131 kal\u0131nl\u0131klardaki gri contal\u0131 [&hellip;]<\/p>\n","protected":false},"author":1,"featured_media":130,"parent":0,"menu_order":0,"comment_status":"closed","ping_status":"closed","template":"","meta":[],"yoast_head":"<!-- This site is optimized with the Yoast SEO plugin v18.0 - https:\/\/yoast.com\/wordpress\/plugins\/seo\/ -->\n<title>Atlantik 750 - \u00d6zkanlar Grup Pvc<\/title>\n<meta name=\"robots\" content=\"index, follow, max-snippet:-1, max-image-preview:large, max-video-preview:-1\" \/>\n<link rel=\"canonical\" href=\"https:\/\/sitelerpvcdograma.com\/?page_id=189\" \/>\n<meta property=\"og:locale\" content=\"tr_TR\" \/>\n<meta property=\"og:type\" content=\"article\" \/>\n<meta property=\"og:title\" content=\"Atlantik 750 - \u00d6zkanlar Grup Pvc\" \/>\n<meta property=\"og:description\" content=\"70 mm profil geni\u015fli\u011fine sahip Atlantik 750, \u00f6zel olarak dizayn edilmi\u015f 5 odac\u0131kl\u0131 sistemi sayesinde \u00e7ok \u00fcst seviyede \u0131s\u0131, ses ve su izolasyonu sa\u011fl\u0131yor. 4 mevsimde de m\u00fckemmel dayan\u0131kl\u0131l\u0131k sa\u011flayan Atlantik 750, kendinden destek profilleri (CRP) ve TPV gri contal\u0131 profilleri sayesinde \u00e7ok d\u00fc\u015f\u00fck stok maaliyeti ve h\u0131zl\u0131 \u00fcretim s\u00fcreci sunuyor.&nbsp; Farkl\u0131 kal\u0131nl\u0131klardaki gri contal\u0131 [&hellip;]\" \/>\n<meta property=\"og:url\" content=\"https:\/\/sitelerpvcdograma.com\/?page_id=189\" \/>\n<meta property=\"og:site_name\" content=\"\u00d6zkanlar Grup Pvc\" \/>\n<meta property=\"article:modified_time\" content=\"2020-07-02T11:57:52+00:00\" \/>\n<meta property=\"og:image\" content=\"http:\/\/sitelerpvcdograma.com\/wp-content\/uploads\/2020\/06\/Atlantik790-1.jpg\" \/>\n\t<meta property=\"og:image:width\" content=\"162\" \/>\n\t<meta property=\"og:image:height\" content=\"229\" \/>\n\t<meta property=\"og:image:type\" content=\"image\/jpeg\" \/>\n<meta name=\"twitter:card\" content=\"summary_large_image\" \/>\n<meta name=\"twitter:label1\" content=\"Tahmini okuma s\u00fcresi\" \/>\n\t<meta name=\"twitter:data1\" content=\"1 dakika\" \/>\n<script type=\"application\/ld+json\" class=\"yoast-schema-graph\">{\"@context\":\"https:\/\/schema.org\",\"@graph\":[{\"@type\":\"WebSite\",\"@id\":\"https:\/\/sitelerpvcdograma.com\/#website\",\"url\":\"https:\/\/sitelerpvcdograma.com\/\",\"name\":\"\u00d6zkanlar Grup Pvc\",\"description\":\"\",\"potentialAction\":[{\"@type\":\"SearchAction\",\"target\":{\"@type\":\"EntryPoint\",\"urlTemplate\":\"https:\/\/sitelerpvcdograma.com\/?s={search_term_string}\"},\"query-input\":\"required name=search_term_string\"}],\"inLanguage\":\"tr\"},{\"@type\":\"ImageObject\",\"@id\":\"https:\/\/sitelerpvcdograma.com\/?page_id=189#primaryimage\",\"inLanguage\":\"tr\",\"url\":\"https:\/\/sitelerpvcdograma.com\/wp-content\/uploads\/2020\/06\/Atlantik790-1.jpg\",\"contentUrl\":\"https:\/\/sitelerpvcdograma.com\/wp-content\/uploads\/2020\/06\/Atlantik790-1.jpg\",\"width\":162,\"height\":229},{\"@type\":\"WebPage\",\"@id\":\"https:\/\/sitelerpvcdograma.com\/?page_id=189#webpage\",\"url\":\"https:\/\/sitelerpvcdograma.com\/?page_id=189\",\"name\":\"Atlantik 750 - \u00d6zkanlar Grup Pvc\",\"isPartOf\":{\"@id\":\"https:\/\/sitelerpvcdograma.com\/#website\"},\"primaryImageOfPage\":{\"@id\":\"https:\/\/sitelerpvcdograma.com\/?page_id=189#primaryimage\"},\"datePublished\":\"2020-06-22T05:10:14+00:00\",\"dateModified\":\"2020-07-02T11:57:52+00:00\",\"breadcrumb\":{\"@id\":\"https:\/\/sitelerpvcdograma.com\/?page_id=189#breadcrumb\"},\"inLanguage\":\"tr\",\"potentialAction\":[{\"@type\":\"ReadAction\",\"target\":[\"https:\/\/sitelerpvcdograma.com\/?page_id=189\"]}]},{\"@type\":\"BreadcrumbList\",\"@id\":\"https:\/\/sitelerpvcdograma.com\/?page_id=189#breadcrumb\",\"itemListElement\":[{\"@type\":\"ListItem\",\"position\":1,\"name\":\"Ana sayfa\",\"item\":\"https:\/\/sitelerpvcdograma.com\/\"},{\"@type\":\"ListItem\",\"position\":2,\"name\":\"Atlantik 750\"}]}]}<\/script>\n<!-- \/ Yoast SEO plugin. -->","yoast_head_json":{"title":"Atlantik 750 - \u00d6zkanlar Grup Pvc","robots":{"index":"index","follow":"follow","max-snippet":"max-snippet:-1","max-image-preview":"max-image-preview:large","max-video-preview":"max-video-preview:-1"},"canonical":"https:\/\/sitelerpvcdograma.com\/?page_id=189","og_locale":"tr_TR","og_type":"article","og_title":"Atlantik 750 - \u00d6zkanlar Grup Pvc","og_description":"70 mm profil geni\u015fli\u011fine sahip Atlantik 750, \u00f6zel olarak dizayn edilmi\u015f 5 odac\u0131kl\u0131 sistemi sayesinde \u00e7ok \u00fcst seviyede \u0131s\u0131, ses ve su izolasyonu sa\u011fl\u0131yor. 4 mevsimde de m\u00fckemmel dayan\u0131kl\u0131l\u0131k sa\u011flayan Atlantik 750, kendinden destek profilleri (CRP) ve TPV gri contal\u0131 profilleri sayesinde \u00e7ok d\u00fc\u015f\u00fck stok maaliyeti ve h\u0131zl\u0131 \u00fcretim s\u00fcreci sunuyor.&nbsp; Farkl\u0131 kal\u0131nl\u0131klardaki gri contal\u0131 [&hellip;]","og_url":"https:\/\/sitelerpvcdograma.com\/?page_id=189","og_site_name":"\u00d6zkanlar Grup Pvc","article_modified_time":"2020-07-02T11:57:52+00:00","og_image":[{"width":162,"height":229,"url":"http:\/\/sitelerpvcdograma.com\/wp-content\/uploads\/2020\/06\/Atlantik790-1.jpg","type":"image\/jpeg"}],"twitter_card":"summary_large_image","twitter_misc":{"Tahmini okuma s\u00fcresi":"1 dakika"},"schema":{"@context":"https:\/\/schema.org","@graph":[{"@type":"WebSite","@id":"https:\/\/sitelerpvcdograma.com\/#website","url":"https:\/\/sitelerpvcdograma.com\/","name":"\u00d6zkanlar Grup Pvc","description":"","potentialAction":[{"@type":"SearchAction","target":{"@type":"EntryPoint","urlTemplate":"https:\/\/sitelerpvcdograma.com\/?s={search_term_string}"},"query-input":"required name=search_term_string"}],"inLanguage":"tr"},{"@type":"ImageObject","@id":"https:\/\/sitelerpvcdograma.com\/?page_id=189#primaryimage","inLanguage":"tr","url":"https:\/\/sitelerpvcdograma.com\/wp-content\/uploads\/2020\/06\/Atlantik790-1.jpg","contentUrl":"https:\/\/sitelerpvcdograma.com\/wp-content\/uploads\/2020\/06\/Atlantik790-1.jpg","width":162,"height":229},{"@type":"WebPage","@id":"https:\/\/sitelerpvcdograma.com\/?page_id=189#webpage","url":"https:\/\/sitelerpvcdograma.com\/?page_id=189","name":"Atlantik 750 - \u00d6zkanlar Grup Pvc","isPartOf":{"@id":"https:\/\/sitelerpvcdograma.com\/#website"},"primaryImageOfPage":{"@id":"https:\/\/sitelerpvcdograma.com\/?page_id=189#primaryimage"},"datePublished":"2020-06-22T05:10:14+00:00","dateModified":"2020-07-02T11:57:52+00:00","breadcrumb":{"@id":"https:\/\/sitelerpvcdograma.com\/?page_id=189#breadcrumb"},"inLanguage":"tr","potentialAction":[{"@type":"ReadAction","target":["https:\/\/sitelerpvcdograma.com\/?page_id=189"]}]},{"@type":"BreadcrumbList","@id":"https:\/\/sitelerpvcdograma.com\/?page_id=189#breadcrumb","itemListElement":[{"@type":"ListItem","position":1,"name":"Ana sayfa","item":"https:\/\/sitelerpvcdograma.com\/"},{"@type":"ListItem","position":2,"name":"Atlantik 750"}]}]}},"_links":{"self":[{"href":"https:\/\/sitelerpvcdograma.com\/index.php?rest_route=\/wp\/v2\/pages\/189"}],"collection":[{"href":"https:\/\/sitelerpvcdograma.com\/index.php?rest_route=\/wp\/v2\/pages"}],"about":[{"href":"https:\/\/sitelerpvcdograma.com\/index.php?rest_route=\/wp\/v2\/types\/page"}],"author":[{"embeddable":true,"href":"https:\/\/sitelerpvcdograma.com\/index.php?rest_route=\/wp\/v2\/users\/1"}],"replies":[{"embeddable":true,"href":"https:\/\/sitelerpvcdograma.com\/index.php?rest_route=%2Fwp%2Fv2%2Fcomments&post=189"}],"version-history":[{"count":6,"href":"https:\/\/sitelerpvcdograma.com\/index.php?rest_route=\/wp\/v2\/pages\/189\/revisions"}],"predecessor-version":[{"id":516,"href":"https:\/\/sitelerpvcdograma.com\/index.php?rest_route=\/wp\/v2\/pages\/189\/revisions\/516"}],"wp:featuredmedia":[{"embeddable":true,"href":"https:\/\/sitelerpvcdograma.com\/index.php?rest_route=\/wp\/v2\/media\/130"}],"wp:attachment":[{"href":"https:\/\/sitelerpvcdograma.com\/index.php?rest_route=%2Fwp%2Fv2%2Fmedia&parent=189"}],"curies":[{"name":"wp","href":"https:\/\/api.w.org\/{rel}","templated":true}]}}